nd 44122?
26
Calculate the highest common divisor of 41632 and 122059820.
5204
What is the highest common factor of 12 and 3116034?
6
What is the greatest common divisor of 15680265 and 21855?
465
What is the highest common factor of 712455 and 129?
3
What is the greatest common divisor of 350 and 188215790?
70
What is the greatest common divisor of 88027 and 414371?
2147
What is the highest common divisor of 286533 and 2639?
13
What is the highest common factor of 102930345 and 1575?
315
Calculate the greatest common divisor of 10634 and 658918.
26
What is the greatest common divisor of 1371 and 12708713?
457
Calculate the highest common divisor of 1274 and 144738650.
98
What is the highest common divisor of 39528 and 36612?
324
What is the highest common divisor of 32 and 273616456?
8
Calculate the greatest common divisor of 5960 and 20879072.
1192
What is the greatest common divisor of 140794 and 25236466?
3434
Calculate the highest common divisor of 40691 and 21.
7
What is the highest common divisor of 1324 and 207425453?
331
What is the greatest common factor of 213168 and 20952638?
8882
Calculate the greatest common factor of 1019533932 and 18.
18
Calculate the highest common factor of 48768 and 3852.
12
Calculate the greatest common factor of 607638 and 5616.
6
What is the highest common factor of 1595052 and 139068?
36
What is the greatest common divisor of 234701 and 452?
113
Calculate the greatest common factor of 1508 and 4851613.
377
What is the highest common divisor of 4360387 and 29489?
797
Calculate the highest common factor of 516 and 634388073.
129
Calculate the greatest common factor of 743365942 and 6546.
2182
What is the greatest common factor of 834 and 37489551?
417
What is the greatest common divisor of 1908 and 35745744?
636
What is the greatest common factor of 604 and 5519503?
151
Calculate the highest common factor of 10634382 and 2673.
297
Calculate the greatest common divisor of 1990747 and 1507.
1507
Calculate the highest common divisor of 50026050 and 36.
18
What is the greatest common factor of 6655488 and 1857?
1857
What is the greatest common factor of 136 and 201574168?
136
Calculate the highest common divisor of 259485842 and 154.
154
What is the highest common divisor of 34122 and 190454?
242
Calculate the highest common factor of 102186 and 255654.
126
Calculate the greatest common divisor of 1612748 and 754.
58
Calculate the highest common factor of 22 and 12976942.
22
Calculate the greatest common factor of 24021672 and 1314.
438
Calculate the greatest common divisor of 40993838 and 1562.
142
Calculate the highest common factor of 1265 and 7266919.
253
Calculate the highest common divisor of 355921076 and 63014.
9002
Calculate the greatest common factor of 1788 and 37850768.
596
What is the highest common divisor of 98779545 and 13473?
4491
Calculate the highest common divisor of 257367 and 17193.
33
What is the greatest common divisor of 28 and 169240308?
4
What is the greatest common factor of 525044 and 104?
52
What is the greatest common factor of 84745 and 15640?
85
What is the greatest common factor of 628 and 394852174?
314
What is the highest common divisor of 13959 and 123255?
297
What is the greatest common divisor of 868819568 and 16?
16
Calculate the greatest common divisor of 2592 and 3406368.
96
What is the greatest common factor of 18448 and 162573?
1153
What is the greatest common factor of 9020218 and 58?
58
What is the greatest common factor of 99985 and 12890?
5
Calculate the greatest common divisor of 4385525 and 5075.
725
Calculate the greatest common factor of 312194 and 1614874.
2246
What is the greatest common factor of 158042 and 3306?
38
Calculate the greatest common divisor of 182548 and 13745476.
3884
What is the highest common factor of 18526656 and 2848?
32
Calculate the highest common divisor of 8550 and 19475000.
950
What is the greatest common divisor of 586 and 485305276?
586
What is the greatest common factor of 179836614 and 15570?
3114
What is the highest common divisor of 20271 and 2080866?
87
What is the highest common divisor of 365750 and 1349?
19
What is the highest common divisor of 847839 and 23161761?
7503
Calculate the highest common factor of 3836476 and 2896.
724
Calculate the highest common divisor of 10 and 760311200.
10
What is the greatest common divisor of 55606 and 265?
1
Calculate the greatest common divisor of 494 and 20291063.
13
Calculate the highest common divisor of 74 and 86114.
2
What is the greatest common divisor of 187 and 440759?
187
Calculate the greatest common divisor of 4384778 and 1377862.
3694
What is the highest common divisor of 51 and 65027652?
51
What is the greatest common divisor of 459 and 59959170?
459
Calculate the highest common divisor of 9288 and 133714152.
216
Calculate the highest common divisor of 1568357 and 136227.
3493
Calculate the highest common factor of 889207750 and 150.
50
What is the highest common factor of 2970378 and 220698?
3618
Calculate the highest common divisor of 330794020 and 40.
20
What is the greatest common factor of 36 and 846444?
12
What is the highest common factor of 851499 and 44?
11
What is the greatest common factor of 23492379 and 57?
57
Calculate the highest common divisor of 124697536 and 2944.
1472
Calculate the greatest common divisor of 1142 and 21706.
2
Calculate the highest common divisor of 12386102 and 8.
2
What is the greatest common divisor of 6520 and 135835072?
1304
What is the highest common divisor of 311065108 and 1220?
244
Calculate the greatest common factor of 38300529 and 327.
327
What is the greatest common divisor of 4084347 and 9024?
141
What is the highest common divisor of 4776951 and 6287760?
8733
What is the highest common factor of 4479151 and 268?
67
Calculate the highest common divisor of 5114635 and 129.
43
What is the highest common divisor of 433341801 and 534?
267
Calculate the greatest common factor of 998372778 and 2444.
1222
What is the highest common divisor of 10653 and 319992?
201
What is the greatest common divisor of 184164983 and 30956?
7739
Calculate the greatest common factor of 718224 and 13296.
48
What is the greatest common factor of 3323425 and 3577?
49
What is the highest common factor of 92 and 539166092?
92
What is the highest common divisor of 9345 and 4439365?
35
What is the highest common divisor of 710 and 683930930?
710
Calculate the highest common factor of 1097 and 90014335.
1097
Calculate the highest common factor of 31 and 286175167.
31
Calculate the highest common divisor of 6392652 and 276.
12
What is the highest common divisor of 4029 and 3000183?
237
Calculate the greatest common divisor of 61922 and 6146.
14
What is the greatest common factor of 1006764752 and 272?
272
What is the greatest common factor of 144 and 8316456?
24
What is the highest common divisor of 48266665 and 36495?
4055
Calculate the highest common factor of 2817 and 53452575.
2817
What is the highest common divisor of 8390200 and 535682?
6454
What is the greatest common divisor of 32624065 and 40?
5
Calculate the highest common factor of 12774 and 63750.
6
What is the highest common factor of 2205 and 18521559?
441
What is the highest common divisor of 4350535 and 105?
35
What is the greatest common factor of 355286 and 880684?
886
Calculate the highest common divisor of 1181892580 and 265.
265
What is the highest common divisor of 308452 and 64?
4
What is the highest common divisor of 12 and 55336?
4
What is the highest common divisor of 38304 and 1347552?
288
What is the highest common factor of 75877 and 160?
1
Calculate the highest common divisor of 148037870 and 170.
170
What is the greatest common factor of 97603 and 58387142?
5137
Calculate the highest common factor of 118999 and 1712836.
937
What is the highest common divisor of 2525 and 1255?
5
Calculate the highest common divisor of 24 and 31224972.
12
Calculate the greatest common divisor of 27600 and 1617222.
138
Calculate the greatest common factor of 690909972 and 1524.
1524
What is the highest common divisor of 1734 and 38924016?
102
What is the highest common factor of 6354688 and 1687?
241
What is the greatest common divisor of 1873004 and 44548?
28
Calculate the greatest common div